 is the ten millions digit of 46577537?
4
What is the hundred thousands digit of 3478086174?
0
What is the ten millions digit of 7866801971?
6
What is the ten millions digit of 1617452605?
1
What is the tens digit of 36048820?
2
What is the tens digit of 207974123?
2
What is the ten thousands digit of 1135650749?
5
What is the ten thousands digit of 1200937986?
3
What is the units digit of 2480071464?
4
What is the tens digit of 1373797535?
3
What is the hundred millions digit of 2849564491?
8
What is the millions digit of 1118813348?
8
What is the ten thousands digit of 220945938?
4
What is the hundred millions digit of 1420944766?
4
What is the hundred millions digit of 399401078?
3
What is the ten thousands digit of 1371665?
7
What is the ten thousands digit of 355874605?
7
What is the units digit of 41836996?
6
What is the hundred millions digit of 2605038284?
6
What is the hundred thousands digit of 17312797?
3
What is the millions digit of 322467419?
2
What is the hundred millions digit of 107695469?
1
What is the ten millions digit of 42721721?
4
What is the hundreds digit of 237311773?
7
What is the hundred millions digit of 973169170?
9
What is the hundred thousands digit of 628253452?
2
What is the hundred thousands digit of 129843440?
8
What is the thousands digit of 27251831?
1
What is the tens digit of 8980614?
1
What is the thousands digit of 454669096?
9
What is the hundred millions digit of 606764175?
6
What is the millions digit of 4944564321?
4
What is the millions digit of 23999844?
3
What is the ten millions digit of 56253839?
5
What is the tens digit of 57096795?
9
What is the hundred thousands digit of 13105553?
1
What is the billions digit of 3101012007?
3
What is the hundred thousands digit of 645372938?
3
What is the millions digit of 90798211?
0
What is the ten millions digit of 419127997?
1
What is the hundreds digit of 346015293?
2
What is the thousands digit of 960354967?
4
What is the hundred thousands digit of 533686940?
6
What is the thousands digit of 270961679?
1
What is the thousands digit of 968344615?
4
What is the units digit of 147920075?
5
What is the billions digit of 2320811986?
2
What is the ten millions digit of 902968286?
0
What is the hundreds digit of 53331391?
3
What is the tens digit of 355733116?
1
What is the thousands digit of 208095721?
5
What is the hundreds digit of 1589461?
4
What is the ten millions digit of 3955494929?
5
What is the ten thousands digit of 185058515?
5
What is the ten thousands digit of 890346940?
4
What is the ten thousands digit of 544520986?
2
What is the units digit of 237451707?
7
What is the hundreds digit of 798910950?
9
What is the ten millions digit of 22069416?
2
What is the ten millions digit of 20062736?
2
What is the hundred thousands digit of 762899668?
8
What is the thousands digit of 454370711?
0
What is the ten thousands digit of 22130800?
3
What is the ten thousands digit of 354051401?
5
What is the millions digit of 49594888?
9
What is the thousands digit of 297236212?
6
What is the tens digit of 1931495582?
8
What is the tens digit of 1979259415?
1
What is the hundreds digit of 3219364591?
5
What is the hundred millions digit of 687289408?
6
What is the millions digit of 2784757335?
4
What is the hundred millions digit of 1384667996?
3
What is the ten thousands digit of 186612825?
1
What is the hundred thousands digit of 977836947?
8
What is the hundred thousands digit of 340171997?
1
What is the hundred millions digit of 2761021936?
7
What is the ten thousands digit of 740772754?
7
What is the thousands digit of 1342459542?
9
What is the hundred thousands digit of 46213683?
2
What is the units digit of 113689813?
3
What is the hundreds digit of 156332231?
2
What is the millions digit of 68655713?
8
What is the hundred millions digit of 538564275?
5
What is the thousands digit of 52005967?
5
What is the hundred thousands digit of 69213750?
2
What is the billions digit of 5975741137?
5
What is the ten thousands digit of 4768084?
6
What is the hundred thousands digit of 3740223066?
2
What is the hundreds digit of 2324005802?
8
What is the ten thousands digit of 364609945?
0
What is the millions digit of 2191431301?
1
What is the thousands digit of 1207034888?
4
What is the units digit of 97781633?
3
What is the ten thousands digit of 90915729?
1
What is the hundred millions digit of 346447598?
3
What is the ten millions digit of 163666344?
6
What is the hundreds digit of 21775970?
9
What is the thousands digit of 42865087?
5
What is the millions digit of 2530103251?
0
What is the ten millions digit of 98588926?
9
What is the units digit of 28375856?
6
What is the hundred millions digit of 263387101?
2
What is the tens digit of 642829295?
9
What is the units digit of 2179059416?
6
What is the ten thousands digit of 138315716?
1
What is the thousands digit of 153939463?
9
What is the ten millions digit of 151979065?
5
What is the ten thousands digit of 3065233925?
3
What is the millions digit of 415545285?
5
What is the tens digit of 820405882?
8
What is the units digit of 158238175?
5
What is the millions digit of 2362329215?
2
What is the thousands digit of 710831454?
1
What is the tens digit of 189481065?
6
What is the tens digit of 86710177?
7
What is the hundred thousands digit of 1160485422?
4
What is the millions digit of 3162349765?
2
What is the hundreds digit of 219843279?
2
What is the ten millions digit of 3787933824?
8
What is the hundred thousands digit of 104746092?
7
What is the ten thousands digit of 312104478?
0
What is the billions digit of 1946518391?
1
What is the hundred thousands digit of 91772357?
7
What is the tens digit of 759944584?
8
What is the units digit of 870988507?
7
What is the hundred thousands digit of 31914359?
9
What is the millions digit of 9460255191?
0
What is the units digit of 1386636205?
5
What is the ten thousands digit of 1239768775?
6
What is the hundred millions digit of 114669805?
1
What is the units digit of 3763978247?
7
What is the hundreds digit of 128794236?
2
What is the hundred millions digit of 319725467?
3
What is the ten millions digit of 126315082?
2
What is the ten thousands digit of 193280531?
8
What is the hundred thousands digit of 668452383?
4
What is the hundred thousands digit of 23718864?
7
What is the millions digit of 1923183072?
3
What is the units digit of 31885237?
7
What is the hundred thousands digit of 1404551260?
5
What is the hundreds digit of 5056803?
8
What is the ten millions digit of 18489800?
1
What is the ten millions digit of 1976239070?
7
What is the hundred thousands digit of 910977410?
9
What is the billions digit of 1374314284?
1
What is the ten millions digit of 220090738?
2
What is the ten thousands digit of 1926608602?
0
What is the billions digit of 1453468914?
1
What is the millions digit of 8893011?
8
What is the tens digit of 27237018?
1
What is the units digit of 508851?
1
What is the ten millions digit of 160162414?
6
What is the millions digit of 37745845?
7
What is the thousands digit of 75340438?
0
What is the ten thousands digit of 1017669765?
6
What is the hundred thousands digit of 42824758?
8
What is the thousands digit of 69894772?
4
What is the hundreds digit of 4767756883?
8
What is the hundred thousands digit of 28566933?
5
What is the units digit of 111087990?
0
What is the hundred thousands digit of 287601392?
6
What is the units digit of 788131432?
2
What is the hundred millions digit of 520661652?
5
What is the hundred millions digit of 205903153?
2
What is the millions digit of 326033552?
6
What is the hundred millions digit of 104943863?
1
What is the tens digit of 1128100368?
6
What is the ten thousands digit of 26921423?
2
What is the tens digit of 9181039?
3
What is the units digit of 131485408?
8
What is the hundred millions digit of 1930729211?
9
What is the tens digit of 6703261?
6
What is the hundred millions digit of 2478534200?
4
What is the millions digit of 533394004?
3
What is the millions digit of 44318273?
4
What is the units digit of 237173045?
5
What is the millions digit of 960384464?
0
What is the ten thousands digit of 1224350927?
5
What is the millions digit of 1153553155?
3
What is the millions digit of 85136032?
5
